{"id":1800,"date":"2025-02-06T18:02:22","date_gmt":"2025-02-06T18:02:22","guid":{"rendered":"https:\/\/proziakgravel.com\/?page_id=1800"},"modified":"2025-04-16T12:17:37","modified_gmt":"2025-04-16T12:17:37","slug":"info-startowe","status":"publish","type":"page","link":"https:\/\/proziakgravel.com\/index.php\/info-startowe\/","title":{"rendered":"INFORMACJE STARTOWE"},"content":{"rendered":"<div class=\"wpb-content-wrapper\"><p>[vc_row][vc_column][vc_column_text]<\/p>\n<p class=\"Standard\" style=\"margin: 0cm; font-size: 12pt; font-family: Calibri, sans-serif;\"><strong><span style=\"font-size: 16pt;\">Proziak Gravel\u00a0&#8211; PLAN IMPREZY<\/span><\/strong><\/p>\n<p class=\"Standard\" style=\"margin: 0cm; font-size: 12pt; font-family: Calibri, sans-serif;\"><strong><span style=\"font-size: 16pt;\">\u015aRODA 18.06.2025<\/span><\/strong><\/p>\n<p class=\"Standard\" style=\"margin: 0cm; font-size: 12pt; font-family: Calibri, sans-serif;\"><span style=\"font-size: 16pt;\">1. OTWARCIE BIURA ZAWOD\u00d3W &#8211; 17:00<br \/>\n<\/span><span style=\"font-size: 16pt;\">2. SPOTKANIE INTEGRACYJNE &#8211; Grill dla przyjezdnych &#8211; 19:00<\/span><\/p>\n<p class=\"Standard\" style=\"margin: 0cm; font-size: 12pt; font-family: Calibri, sans-serif;\"><strong><span style=\"font-size: 16pt;\">CZWARTEK 19.06.2025<\/span><\/strong><\/p>\n<p class=\"Standard\" style=\"margin: 0cm; font-size: 12pt; font-family: Calibri, sans-serif;\"><span style=\"font-size: 16pt;\">1.\u00a0\u015aNIADANIE (szwedzki st\u00f3\u0142) &#8211; dla uczestnik\u00f3w dystansu (w cenie pakietu) PROZIAK500 &#8211; 6:00-7:00<br \/>\n<\/span><span style=\"font-size: 16pt;\">2. START PROZIAK500 &#8211; 7:00<\/span><\/p>\n<p class=\"Standard\" style=\"margin: 0cm; font-size: 12pt; font-family: Calibri, sans-serif;\"><span style=\"font-size: 16pt;\">&#8211; pierwsza grupa &#8211; 7:00<br \/>\n&#8211; druga grupa &#8211; 7:10<br \/>\n&#8211; trzecia grupa &#8211; 7:20<br \/>\n&#8211; czwarta grupa &#8211; 7:30<\/span><\/p>\n<p class=\"Standard\" style=\"margin: 0cm; font-size: 12pt; font-family: Calibri, sans-serif;\"><span style=\"font-size: 16pt;\">3. OTWARCIE BIURA ZAWOD\u00d3W &#8211; 17:00<br \/>\n4. SPOTKANIE INTEGRACYJNE &#8211; Grill dla przyjezdnych &#8211; 19:00<\/span><\/p>\n<p class=\"Standard\" style=\"margin: 0cm; font-size: 12pt; font-family: Calibri, sans-serif;\"><strong><span style=\"font-size: 16pt;\">PI\u0104TEK\u00a020.06.2025<\/span><\/strong><\/p>\n<p class=\"Standard\" style=\"margin: 0cm; font-size: 12pt; font-family: Calibri, sans-serif;\"><span style=\"font-size: 16pt;\">1.\u00a0\u015aNIADANIE (szwedzki st\u00f3\u0142)\u00a0&#8211; dla uczestnik\u00f3w dystansu\u00a0<\/span><span style=\"font-size: 21.333334px;\">(w cenie pakietu)<\/span><span style=\"font-size: 21.333334px;\">\u00a0<\/span><span style=\"font-size: 16pt;\">PROZIAK300 &#8211; 6:00-7:00<\/span><\/p>\n<p class=\"Standard\" style=\"margin: 0cm; font-size: 12pt; font-family: Calibri, sans-serif;\"><span style=\"font-size: 16pt;\">2. START PROZIAK300 &#8211; 7:00<\/span><\/p>\n<p class=\"Standard\" style=\"margin: 0cm; font-size: 12pt; font-family: Calibri, sans-serif;\"><span style=\"font-size: 16pt;\">&#8211; pierwsza grupa &#8211; 7:00<br \/>\n&#8211; druga grupa &#8211; 7:10<br \/>\n&#8211; trzecia grupa &#8211; 7:20<br \/>\n&#8211; czwarta grupa &#8211; 7:30<br \/>\n<span style=\"font-size: 21.3333px;\">&#8211; pi\u0105ta grupa &#8211; 7:40<br \/>\n<\/span>&#8211;\u00a0sz\u00f3sta<\/span><span style=\"font-size: 21.3333px;\">\u00a0<\/span><span style=\"font-size: 21.3333px;\">grupa &#8211; 7:5<\/span><span style=\"font-size: 21.3333px;\">0<\/span><\/p>\n<p class=\"Standard\" style=\"margin: 0cm; font-size: 12pt; font-family: Calibri, sans-serif;\"><span style=\"font-size: 16pt;\">3. OTWARCIE BIURA ZAWOD\u00d3W &#8211; 17:00<br \/>\n4. SPOTKANIE INTEGRACYJNE &#8211; Grill dla przyjezdnych &#8211; 19:00<\/span><\/p>\n<p class=\"Standard\" style=\"margin: 0cm; font-size: 12pt; font-family: Calibri, sans-serif;\"><strong><span style=\"font-size: 16pt;\">SOBOTA\u00a021.06.2025<\/span><\/strong><\/p>\n<p class=\"Standard\" style=\"margin: 0cm; font-size: 12pt; font-family: Calibri, sans-serif;\"><span style=\"font-size: 16pt;\">1.\u00a0\u015aNIADANIE (szwedzki st\u00f3\u0142)\u00a0&#8211; dla uczestnik\u00f3w<\/span><span style=\"font-size: 21.333334px;\">\u00a0SGS<\/span><span style=\"font-size: 16pt;\"> &#8211; 7:00-8:00<\/span><\/p>\n<p class=\"Standard\" style=\"margin: 0cm; font-size: 12pt; font-family: Calibri, sans-serif;\"><span style=\"font-size: 16pt;\">2. START SGS\/PROZIAK100 &#8211; 9:00<\/span><\/p>\n<p class=\"Standard\" style=\"margin: 0cm; font-size: 12pt; font-family: Calibri, sans-serif;\"><strong><span style=\"font-size: 16pt;\">Dla\u00a0ka\u017cdego\u00a0uczestnika po przybyciu na met\u0119 czeka dwudaniowy posi\u0142ek (zupa + drugie danie) oraz s\u0142odki deser \ud83d\ude42<\/span><\/strong><\/p>\n<p class=\"Standard\" style=\"margin: 0cm; font-size: 12pt; font-family: Calibri, sans-serif;\"><span style=\"font-size: 21.3333px;\"><strong>Na terenie miasteczka PROZIAK GRAVEL b\u0119dzie mo\u017cna napi\u0107 si\u0119 naszego lokalnego piwa Proziakowe Orange\u00a0ALE od naszego partnera &#8211; Browaru Janczar w Pstr\u0105gowej.<\/strong><\/span><\/p>\n<p class=\"Standard\" style=\"margin: 0cm; font-size: 12pt; font-family: Calibri, sans-serif;\"><span style=\"font-size: 21.3333px;\"><strong>Piwo spo\u017cywamy tylko i wy\u0142\u0105cznie na terenie miasteczka Proziak Gravel. Zabrania si\u0119 spo\u017cywania alkoholu podczas jazdy! Piwo b\u0119dzie wydawane tylko i wy\u0142\u0105cznie po przyje\u017adzie na met\u0119\u00a0oraz w trakcie trwania imprezy integracyjnej w wieczory poprzedzaj\u0105ce starty danych dystans\u00f3w!<\/strong><\/span><\/p>\n<p>[\/vc_column_text][\/vc_column][\/vc_row]<\/p>\n<\/div>","protected":false},"excerpt":{"rendered":"<p>[vc_row][vc_column][vc_column_text] Proziak Gravel\u00a0&#8211; PLAN IMPREZY \u015aRODA 18.06.2025 1. OTWARCIE BIURA ZAWOD\u00d3W &#8211; 17:00 2. SPOTKANIE INTEGRACYJNE &#8211; Grill dla przyjezdnych &#8211; 19:00 CZWARTEK 19.06.2025 1.\u00a0\u015aNIADANIE (szwedzki st\u00f3\u0142) &#8211; dla uczestnik\u00f3w dystansu (w cenie pakietu) PROZIAK500 &#8211; 6:00-7:00 2. START PROZIAK500 &#8211; 7:00 &#8211; pierwsza grupa &#8211; 7:00 &#8211; druga grupa &#8211; 7:10 &#8211; trzecia grupa [&hellip;]<\/p>\n","protected":false},"author":1,"featured_media":0,"parent":0,"menu_order":0,"comment_status":"closed","ping_status":"closed","template":"","meta":{"footnotes":""},"class_list":["post-1800","page","type-page","status-publish","hentry"],"_links":{"self":[{"href":"https:\/\/proziakgravel.com\/index.php\/wp-json\/wp\/v2\/pages\/1800","targetHints":{"allow":["GET"]}}],"collection":[{"href":"https:\/\/proziakgravel.com\/index.php\/wp-json\/wp\/v2\/pages"}],"about":[{"href":"https:\/\/proziakgravel.com\/index.php\/wp-json\/wp\/v2\/types\/page"}],"author":[{"embeddable":true,"href":"https:\/\/proziakgravel.com\/index.php\/wp-json\/wp\/v2\/users\/1"}],"replies":[{"embeddable":true,"href":"https:\/\/proziakgravel.com\/index.php\/wp-json\/wp\/v2\/comments?post=1800"}],"version-history":[{"count":4,"href":"https:\/\/proziakgravel.com\/index.php\/wp-json\/wp\/v2\/pages\/1800\/revisions"}],"predecessor-version":[{"id":1865,"href":"https:\/\/proziakgravel.com\/index.php\/wp-json\/wp\/v2\/pages\/1800\/revisions\/1865"}],"wp:attachment":[{"href":"https:\/\/proziakgravel.com\/index.php\/wp-json\/wp\/v2\/media?parent=1800"}],"curies":[{"name":"wp","href":"https:\/\/api.w.org\/{rel}","templated":true}]}}